at is l(t)?
-7
Let w = 9 + -7. Let g(o) = 9*o + 38. Let r(x) = -4*x - 18. Let i(b) = w*g(b) + 5*r(b). Determine i(-10).
6
Let i(k) = 27*k + 1107. Let x be i(-41). Let t(y) = y**3 - y. Determine t(x).
0
Let t(z) be the third derivative of -z**5/15 + 5*z**4/24 - 5*z**3/6 - 1945*z**2. What is t(2)?
-11
Let c(t) = 4*t**3 + 2*t**2 + 3573*t - 3*t**3 - 3566*t + 1 + 0*t**3. What is c(-3)?
-29
Let g = 9992 + -9986. Let h(n) = 2*n**2 + 11*n - 26. Calculate h(g).
112
Let y(p) = p**3 + 15*p**2 + 9*p - 61. Let n be y(-14). Suppose -13 = 2*o - n. Let g(q) = -q**2 - 3*q - 5. Calculate g(o).
-3
Let p(l) = l**2 + 40*l + 84. Suppose 5248 = -111*a + 1030. Determine p(a).
8
Let g(m) = -2*m**3 + m + 1. Let w = 162 - 159. Suppose -w*k = c - 8, 0 = 5*c - 4*k + 19 - 2. Calculate g(c).
2
Let x(t) = t**3 + 9*t**2 - 9*t + 20. Let b(q) = -3*q**3 + 16*q**2 + 7*q + 20. Let d be b(6). Calculate x(d).
10
Let s(w) = -5*w**2 - 6*w + 1. Let u(h) = -11*h**2 - 12*h + 3. Let d(y) = -9*s(y) + 4*u(y). Let t be d(-6). Let k(z) = 2*z - 4*z - 3 + t*z. Give k(6).
3
Let q(n) = n**2 - 44. Let a be q(0). Let b be a/(-12) - (-2)/6. Let v(j) = 10*j - 11. Let o(t) = -12*t + 13. Let k(y) = 3*o(y) + 4*v(y). Give k(b).
11
Let v = -419 + 422. Let x(c) = -c - 1. Let n(s) = 3*s + 2. Let o(y) = v*n(y) + 8*x(y). Determine o(-4).
-6
Let o(m) = -6411 + 3189 + 0*m + 2*m + 3194. Determine o(-7).
-42
Let y(w) be the third derivative of -w**5/30 + w**4/12 + w**3/6 - w**2. Let l = -59 - -146. Let s = 89 - l. What is y(s)?
-3
Let j(n) = -26*n + 16 + 15 + 28*n - 23. Let b be j(0). Let m(s) = 10 - s - 5*s + 4*s. What is m(b)?
-6
Let j(v) = -4*v**2 - 5*v + 16. Let c be j(4). Let n = c + 69. Let x(o) be the third derivative of o**5/4 - o**4/24 + o**3/6 + 4*o**2. What is x(n)?
15
Let g(b) = -b**3 + 2*b**2 - 3*b + 1. Let n(q) = -q**3 + 7*q**2 + 0*q**3 - 10*q + 2*q**2 - 6*q. Let k be n(6). Let r = k + -10. What is g(r)?
-5
Suppose -7*x = -8*x + 2. Let b(d) = 7*d - 12*d**x + 8*d**2 - 5 + 5*d**2. Calculate b(-5).
-15
Let o(a) = 567*a + 563*a - 1695*a - 73 + 557*a. Calculate o(-8).
-9
Let s(v) = v**3 + 60*v**2 - 17*v - 21. Let m(u) = u**3 + 49*u**2 - 15*u - 21. Let l(h) = -5*m(h) + 4*s(h). Determine l(-5).
-14
Let n(x) be the second derivative of -2*x**2 - 6 - 4*x - 1/6*x**3 + 1/12*x**4. Calculate n(3).
2
Let f(r) = 4 + 198*r**2 - 193*r**2 - 1 + 92*r - 85*r. Give f(-5).
93
Let x(i) = -156*i - 23*i**3 + 22*i**3 - 29*i**2 + 55 + 130*i. Determine x(-28).
-1
Let v(o) = -o - 6. Let w be v(0). Let j(c) = 48*c - 51*c - 1 + 0 - 5. Let p(x) = -2*x - 3. Let h(r) = 5*j(r) - 7*p(r). Determine h(w).
-3
Let x(v) be the second derivative of -v**3 + 1/12*v**4 + 91*v + 0 + 7/2*v**2. Determine x(6).
7
Let z(u) = u**2 + 7*u - 4. Let p be ((-133)/(-76))/(3/(-12)). Calculate z(p).
-4
Let l(f) = f**3 + 28*f**2 + 3*f + 73. Let k be l(-28). Let w(y) be the first derivative of y**3/3 + 5*y**2 - 15*y - 35. Determine w(k).
-4
Suppose 0 = 5*k - 10*k + 305. Suppose j + 2*x - 3 = 0, k - 22 = 5*j + 4*x. Let l(r) = 2 + 5*r + 7*r**3 - j*r**3 - 7*r**2 + 5*r**3 - 13*r. Give l(8).
2
Suppose 3*f + c = 23, 5*f - 19 = 3*c - 4. Let a(p) be the third derivative of 0 + p - 5/6*p**3 + 1/24*p**4 - 2*p**2. Calculate a(f).
1
Suppose 14*o - 8*o + 4*f = 52, o - 5*f = 3. Let r(w) = -6*w + 17. What is r(o)?
-31
Suppose -s - 5 = 3. Let p(a) = 25*a**2 + a - 301*a**3 - 304*a**3 + 953*a**3 - 349*a**3 - 33*a**2. Calculate p(s).
-8
Let l(c) be the first derivative of 39 - 1/4*c**4 + 2*c + 4/3*c**3 - c**2. Calculate l(4).
-6
Let d(b) = -504*b + 147*b - 30 + 154*b + 202*b. Calculate d(-9).
-21
Suppose -11 = -3*p + 7. Let q(z) be the third derivative of -1/60*z**5 - z**3 - 11*z**2 + 0 + 3/8*z**4 + 0*z. Calculate q(p).
12
Suppose -o = -3*i + i + 6, -10 = -4*i + o. Let d be 0/1*6/12. Let v(m) = -m**2 - 3 + 5 - m + d + i*m. What is v(-2)?
-4
Let v(m) = -m**3 + m**2 + 4*m - 3. Let w(b) = 3*b - 3. Let f(o) = -20*o**2 - 12*o**3 + 11*o**3 - 4 + 6. Let c be f(-20). Let j be w(c). Calculate v(j).
-9
Let x(u) be the second derivative of -u**5/4 - u**4/12 - u**3/6 + u**2 - 2823*u. Calculate x(1).
-5
Let o = -281 + 289. Suppose 13*q - 4*f + 53 = o*q, f = 2. Let v(l) = l**3 + 8*l**2 - 8*l + 13. What is v(q)?
4
Let d(h) = 6*h**2 - 20*h + 74. Let o be d(9). Let n = o - 378. Let z(x) = 3*x**3 - x**2 - 4*x + 3. Give z(n).
15
Let t = -63 - -69. Let o be (-1 + 0)*1 + t. Let v(w) = 6 + 2*w - o + 0*w - 5*w. Give v(7).
-20
Let o(y) = -y**2 + 15*y - 2. Let c(k) = k**2 + 5*k - 1. Let p(t) = -4*c(t) + o(t). What is p(3)?
-58
Let h be 16/32 - (-2)/(-4). Let s(y) be the third derivative of -y**5/60 + y**4/24 - y**3/3 - 1061*y**2 - 2*y. What is s(h)?
-2
Let x = 3872 - 3851. Let l(s) = s**3 - 19*s**2 - 44*s + 36. Determine l(x).
-6
Let z(m) be the first derivative of m**4/4 - 2*m**3/3 - 2*m**2 + m + 2338. Let p be (-2)/9 - (-29)/9. Determine z(p).
-2
Let t(f) = 42*f - 24. Let u(p) = -78*p + 46. Let q(k) = -9*t(k) - 5*u(k). What is q(3)?
22
Let u(h) = 0 + 13 + 5*h + h + 1 - 4*h. Calculate u(-1).
12
Let w(u) = 19715 - 19737 + 55*u**3 + 14*u**2 - 54*u**3 + 21*u. What is w(-12)?
14
Let h(g) = -g**2 - g - 25. Let s be (-40)/64 + -3 + 406/112. Calculate h(s).
-25
Let z(u) = 10922*u + 5*u**2 - 5463*u - 5430*u + 1. What is z(-3)?
-41
Let c(s) = 14*s**3 - s**2 - s. Let q(f) = -86*f**3 + 24*f**2 + 7*f + 5. Let b(h) = 6*c(h) + q(h). What is b(9)?
14
Let k(x) = 44*x - 75*x - 19*x**2 + 16 + 38*x**2 + x**3 - 17*x**2 + 37*x. What is k(-4)?
-40
Let l(o) = 11*o**2 - 41 - 20 - 12*o**2 + 86 + 2*o + 6*o**2. Let q(y) = -2*y**2 - 3. Let x(g) = -l(g) - 3*q(g). Determine x(6).
8
Let u(i) = 5*i - 127. Suppose -5*c + 120 = 12*k - 10*k, -42 = -2*c - 2*k. Calculate u(c).
3
Let f(x) = -x. Let l be f(0). Suppose 0 = 12*q - l - 48. Let i(s) = -s**2 + 2*s + 5. What is i(q)?
-3
Let u(d) = d**2 - 4*d - 4. Let z = -15 - -20. Suppose -3*f - 3*i = 0, 4*f - z*i + 6 = 33. Let l(g) = g**2 - 3*g - 5. Let k(c) = f*l(c) - 4*u(c). Give k(8).
-7
Let g(s) be the second derivative of 1/20*s**5 + 0 - 1/3*s**4 - 2*s**2 - 47*s + 1/3*s**3. Give g(4).
4
Let k(v) = 11*v**3 - 13*v**2 - 4*v + 6. Let l(z) = 7*z**3 - 12*z**2 - 3*z + 7. Let g(n) = 2*k(n) - 3*l(n). Give g(-10).
-19
Let n(c) = -c**2 - 16*c - 63. Let w be n(-7). Let l(g) = -7*g + 4*g**2 + 0*g**2 - 5*g**2 + 0*g**2 - 2 + w*g**2. Give l(-8).
-10
Let n(c) = -3*c**2 - 2*c + 4. Let g(o) = 5*o**2 + 5*o + 57. Let d(q) = g(q) + 2*n(q). Give d(8).
9
Let g(d) = -29*d + 14 - 23*d - d**2 + 42*d. Let m be g(-11). Let l(f) = -f + 7*f**2 + 1 - 2 - f**m + 0*f. Calculate l(7).
-8
Let l(x) = -37*x**2 + 10*x + 4. Let q(d) = 25*d**2 - 11*d - 5. Let a(k) = -2*l(k) - 3*q(k). Give a(9).
43
Let j(u) = u**2 - 6*u - 5. Let z = -273 - -281. Suppose 13*x - 18*x - 10 = 0, -l + x = -z. Determine j(l).
-5
Suppose -6 = -n - 21. Let j be 256/10 + -7 - (-6)/15. Let d = n + j. Let g(a) = -a**2 + 5*a - 2. What is g(d)?
2
Let w(b) = 7*b**3 - 3*b + 2. Let t(p) = 4*p**2 + 23*p + 4. Let a be t(-6). Suppose v = 5*o - a + 3, 5*o - 2*v = 9. Give w(o).
6
Suppose 25*m = 29*m + 8. Let u be 17 + (-24)/4 - (1 - m). Suppose u*v + 10 = 3*v. Let b(g) = -g**3 - 6*g**2 - 4*g - 3. Determine b(v).
-11
Suppose 3*s + 39 = -0. Let a(v) = -7*v**2 - 13*v + 152. Let j(t) = 36*t**2 + 65*t - 785. Let i(u) = -31*a(u) - 6*j(u). Calculate i(s).
-2
Let p = -153995 - -154003. Let c(s) = -5*s - 15. Let x(w) = -2*w - 5. Let t(d) = -3*c(d) + 8*x(d). Determine t(p).
-3
Let f(q) = -3*q + q + 0 - 9*q**2 + q**3 + 8. Suppose 697 - 186 = 33*i + 214. Determine f(i).
-10
Let f(b) be the first derivative of 5*b**2 + 15*b + 3880. Determine f(-10).
-85
Let m(b) = 2*b**2 + 29*b - 58. Suppose 3*n + 5*a = -58, 6*n - 5*a = 40 - 126. Give m(n).
-10
Let v(k) = -43*k + 117. Let o be v(2). Let u(q) = -q**3 + 32*q**2 - 28*q - 89. Calculate u(o).
4
Suppose -a = a + 8. Let i(d) = 3*d**2 + 6*d + 3. Let h(c) be the first derivative of 2*c**3/3 + 3*c**2 + 3*c + 12. Let f(j) = a*h(j) + 3*i(j). What is f(7)?
4
Suppose -649 = -215*w + 426. Let t(b) be the third derivative of 1/8*b**4 + 1/6*b**3 + 1/20*b**w - 1/120*b**6 + 15*b**2 + 0*b + 0. Determine t(-2).
15
Let n(x) = x - 11. Suppose 543*w + 20 = 539*w. What is n(w)?
-16
Let y(o) = -o**2 + 9*o - 8. Let p = 208 - 147. Suppose 0 = -p*j + 59*j. Suppose g + 0 - 7 = j. Give y(g).
6
Let z(a) = -11*a**3 - a**2 - 2*a - 1. Let b be z(-1). Let f(q)